late 8 - (-9 - -1 - (-84 + (-25 - -65))).
-28
What is -10 + 100 + -107 + (5 + -5 - 20)?
-37
What is -31 + (0 - (6 - (35 - 16)))?
-18
0 + 3 + (61 - (48 + -3)) - -5
24
Evaluate -12 - ((-21 - -11) + -2 + 11 + -3).
-8
(-119 - -294 - 91) + -49
35
What is 9 - (44 - 49) - 3?
11
-2 - (0 - -3) - (64 - 64)
-5
Evaluate (22 - -4) + (13 - (0 + (9 - 8))) + -8.
30
Evaluate (26 + (-47 - -31) + -7 - (0 - 4)) + 93.
100
What is (13 - 6) + (-15 - (12 - (23 - (16 - 9))))?
-4
What is 23 - (-212 + 174) - (1 - (6 + -1))?
65
Evaluate 59 - (28 + 0) - 15.
16
What is 47 + 103 + -24 + -58?
68
Evaluate 21 + -111 - -19 - -27.
-44
Calculate (33 - -2) + 45 - 46.
34
Evaluate (11 - 0) + 27 + 24 + -127 + -30.
-95
What is -13 - (-122 - (0 + -17) - 17)?
109
Calculate 8 - ((17 - (16 + -17)) + (-3 - -1)).
-8
What is (-4 - 0) + 5 + -6 + 8 + -475 + 477?
5
What is 32473 - 32395 - (1 + -6)?
83
Calculate -6854 + 6855 - (22 - (1 - (-1 + 0))).
-19
What is -1 + -17 - ((-50 - 2) + 49)?
-15
Calculate 0 + 0 - ((982 - 991) + (64 - (3 + -3))).
-55
Evaluate -29 + (12 + 75 - 38).
20
What is the value of 9 + -80 + 87 + (1 - 10) - (73 + 1)?
-67
What is the value of 12 + -78 + -15 + (-9 - (2 + 2))?
-94
3769 + -3826 - (-103 + -1)
47
What is (-4 - (-6 - -9)) + (-9 - 2) - -32?
14
Evaluate 519 + -540 - (-13 - 0).
-8
What is 51 + -18 + 11 + -13 - (6 - (1 + 1))?
27
What is (-286 - -314) + -30 + -2 + -85?
-89
What is 12 + -15 + -40 + 24 + 28?
9
What is 10 - (4 - 8) - (386 + -351)?
-21
Evaluate -97 + 25 - (-24 - 79).
31
Calculate -12 + (68 + 17 - 34).
39
What is the value of 12 + 28 - (-6 + 5 + 2 + (-34 - -44))?
29
What is -1 - 0 - 13 - (210 + -168 - (42 + 5))?
-9
What is the value of -284 - 8 - -266 - (-1 - 9)?
-16
What is the value of 15 + -135 - (-3 + 5 + -13 + 6 + 7)?
-122
Calculate 37 + (39 - 22) + 56.
110
Calculate 6 - (-58 - (29 - 13 - 3)) - (-1 + 9).
69
What is the value of (-4 - (-16 + 3 + -4)) + 85 + -134?
-36
Evaluate -36 - ((82 - 35) + -81).
-2
Calculate 0 - -7 - (42 + -19 - -13 - 0) - 12.
-41
What is (76 - (60 + -58)) + -75?
-1
Calculate 0 - (10 + (-10 - 6 - 7)) - (-11 - -3).
21
What is -17 + -16 + 4 + 0 + 8?
-21
What is 17 + -1 + -6 + (-21 - -18)?
7
Evaluate -3964 + 3921 - (1 - 15).
-29
Evaluate 14 + (-31 - -25) + (96 - 2) + -17 + 3.
88
What is 40 + (-37 + 1 - (62 - 80))?
22
What is the value of 5 + 1 + (-364 + 201 - -107)?
-50
0 + 16 - (319 + -300) - (-2 - -11)
-12
What is the value of (12 - 16) + 205 + -135?
66
16 + 1 + -12 - (-2 + 10) - (12 - -52)
-67
Evaluate 12 - (-43 + -6 + 10).
51
Evaluate 2 - -113 - (-308 - -396).
27
Calculate -61 - (-22 + -2 + 4 + 5 + 0).
-46
What is the value of 10 + -51 - (-2 + (-3 - 7) - 3)?
-26
-33 + (103 - 197) + 73
-54
Evaluate (68 - 70) + -14 + 43.
27
What is the value of (-102 + 134 - (-82 - 7)) + -24?
97
Calculate 41 + (-24 - 43 - -120).
94
(19 - (0 + -24 + 6)) + 1
38
Calculate -85 + 83 + 1 + -9 + (-11 - -62).
41
-29 + 0 + (39 - -18 - 34) + -28
-34
What is the value of -33 + 3 + -10 + 26 + -16 + 9?
-21
Calculate -22 + (-68 - (-70 - -37)).
-57
Calculate -90 - (-12 + (-7 - -2 - (-8 - (-4 + 10)))).
-87
What is the value of -2 - -24 - ((-3 - -2) + -27 - (477 - 494))?
33
Calculate 75 + (43 - -37) + (0 - 10) - -5.
150
What is the value of 22 + -88 + 30 + 9 + 16?
-11
Evaluate 50 - 62 - (5 - (-5 - 40 - 12)).
-74
Calculate (304 - 86) + (-160 - -55).
113
Calculate -10 + (-24 + (0 - (7 - 19)) - 1).
-23
Calculate -9912 + 10043 + (-2 - 0) + -45.
84
What is 46 + (-67 + 34 - -3)?
16
What is (43 - 41) + 0 + (-11 - 4) + 1 - -46?
34
-12 + -96 + 55 + (2 - (-10 - -1))
-42
Calculate (-19 - 3) + (-25 - -113).
66
What is (-60 - (162 + -102)) + 183?
63
-14 + 1035 + -1052 + 18 + -1
-14
Evaluate 1 + -12 + -1 + (-197 - -141) + (-8 - -5).
-71
Evaluate 75 + -7 + 1 + 0 + 93 + (66 - 161).
67
Evaluate 0 - (-4 - (3 - -16) - (-27 - -38)).
34
What is 39 + (-57 - -44) + 1 + -131?
-104
Calculate 7 + 18 - 38 - 35.
-48
Evaluate -9 + -23 + -1 + 1 + -24.
-56
Calculate -22 + -21 - (2 - (-20 - -101)).
36
Evaluate (-20 - 1) + 10 + -14 + -1 + (2 - 1).
-25
(-101 - (-13 + (11 - 7))) + 5 + 8 + -1
-80
-1 - (1 + (-3 - 11)) - (-5 - -10 - 66)
73
-11 + 5 - -28 - (-44 - -103)
-37
What is the value of -8 - (-9 + 7 + 2 - ((-36 - 0) + 7))?
-37
What is the value of 12 - -3 - (-21 - -47)?
-11
Calculate (-13 - -3) + 6 + 6 - -9 - (30 + 2).
-21
What is -5 - -41 - (246 - 178)?
-32
(3 + 4 + 3 - (-52 + 48)) + -7
7
What is (12 + -9 - 14) + (-279 - -199) + (-1 - 5)?
-97
-8 + 1 + (439 - 398)
34
Evaluate 6 + 1 + (12 - (80 + -36)) + 41.
16
Calculate -68 + (16 - 32) + 41.
-43
Evaluate -38 + 39 + (-1 - 29) - (-44 - -43).
-28
Calculate ((-1 - -3) + (1 - 1) - -1) + 3252 + -3172.
83
Calculate -272 - -53 - -158 - 18.
-79
What is 0 + -37 - ((73 - 132) + 21)?
1
Calculate -30 + 41 + (6 + (5 - 5) - 19).
-2
What is (1 - (20 - 13 - 17)) + (5 - (85 + -1))?
-68
Calculate -32 + -23 + 16 + 22 + 49.
32
-12 + (118 - 28 - (20 + -9))
67
Evaluate 21 - (-25 + 93 - (-15 + -4)).
-66
(-66 - -44 - -13) + 3 + -26 + 1
-31
6 - (9 - 1 - (122 + -79 + (23 - -8)))
72
Calculate (0 - 23) + -5 + 4 + (9 - 13 - 3).
-31
What is 15 + -2 + -41 + 23 + -7 - (3 - 25)?
10
Evaluate -21 + (39 + -42 - -48) + (-10 - 1).
13
(-137 - -233 - 173) + 53
-24
Evaluate 27 - (-15 + -1 + (-19 - (-14 + -17))).
31
What is 1426 - 1450 - (39 - 0)?
-63
Calculate 2 + -16 + 9 + (5 - -1).
1
Evaluate -14 + (-9 - -17) + 0 + 2 + 12.
8
What is (-26 - (-63 - -44)) + (-50 - 7 - -5)?
-59
Calculate (1746 - 1792) + (6 - -9 - (1 - -1)).
-33
What is (-52 + 34 - -17) + 0 + -11?
-12
(46 - -5) + (8 + 3 - (19 + -13 - 6))
62
Evaluate (-39 - (28 - -13)) + 18.
-62
Evaluate -43 - (-11 + (-5 - 2 - -12 - -15)).
-52
Evaluate (9 - 42) + (10 + (-14 - -4) - -5) + -17.
-45
Calculate 1 - (-8 + 0 + -4 + -8 + 22 + -5).
4
(18 - 27) + (-1 + -44 - -14)
-40
What is the value of 18 + (-172 - -163 - (-7 + 0))?
16
What is the value of -25 + 20 + (-7 - 9) - 18?
-39
Evaluate (13 - -31 - (249 + -219)) + (99 - 0).
113
What is -12 - (-67 + 35 + -38)?
58
1 + -61 + (-7 - -7 - 14) + (-1 - -2)
-73
Calculate 6 - 18 - (1 + 0 + 20 + -7).
-26
What is the value of (-1 - (-1 - (-1 - 5))) + 576 + -579?
-9
Calculate 22 + 105 + -120 + 15 + -1.
21
What is the value of -4 + -1 - (-508 + 524) - -28?
7
What is (154 - 41) + -33 - 29?
51
Calculate -36 - (21 + 23 + -70) - 8.
-18
What is 40 + (-7 - (-25 - (-13 - 13)))?
32
What is (1 - 12) + (35 - 22 - -8) - 8 - 25?
-23
What is 5 - -1 - (0 - -35 - (1597 + -1516))?
52
42 - 58 - (-2 + (-2 - -3) - (16 + -17))
-16
Evaluate -32 + 43 + -7 - (-3 - -5).
2
What is -105 + 28 - 6 - (-3 - (2 + -8))?
-86
Calculate -14 - (-5 - -60 - ((8 - -27) + -30)).
-64
What is the value of (23 - (27 + -36)) + (-8 - (-4 - -5))?
23
What is (0 - -5 - 0) + -26 - (-388 - -380)?
-13
What is 25 + 1 + -17 - (43 - 15)?
-19
Evaluate (-67 - -70) + -14 + 15 + (4 + -4 - 17).
-13
Calculate -102 + 3 + (-24 - 96 - -126).
-93
-10 - (-84 - (-1 - (14 - -5)))
54
Evaluate (30 - (-10 - 86)) + -104.
22
Calculate (0 - -41) + 223 + -255 - 32.
-23
Evaluate -75 + (-2 - 4 - (7 + (-9 - (-11 + 6)))).
-84
17 - (52 + -21 + -91)
77
15 - 58 - (-16 + -9)
-18
What is the value of -56 + 77 - (66 + 1 + -8)?
-38
Calculate -2 + (-3 - -39) + -2 + (4 - 4) - -9.
41
Calculate 36 + -40 - -45 - 51.
-10
Evaluate (-10 - 78 - -3) + 33 + 10 + -25.
-67
What is the value of -10 + 12 - (1 + 29 + -10 + -6 + -2)?
-10
Calculate (2 - (-9 - -6)) + 46 + 52 + -104.
-1
-6 + 1 + -2 - (43 - (-46 + 86))
-10
(-24 - (-41 - (40 - 15))) + -29
13
Evaluate -90 - (-6 + -15 + 13 + -2 + 10 - 10).
-80
What is (-7 - (7 - 0)) + 36 + 14 + 15?
51
Evaluate ((4 - 0) + 16 + -18 - 16) + 58.
44
Calculate 6 + 1 - (1 + -5 - (-533 + 531)).
9
Evaluate (-10 + -5 + 10 + 16 - (2 + 4)) + -11.
-6
(-57 - -106) + 1 + -53
-3
53 + 11 + -3 + -12 + 23
72
What is the value of 0 - 23 - (-90 - (18 - -52)) - 7?
130
7 - (7 + -28 + 44 + -51)
35
(-54 - -24) + 4 + 18
-8
What is (20 - (-27 - -53)) + 80 + -4?
70
What is (-94 - (32 - 47)) + (14 - 0)?
-65
23 - ((5 - -22) + 11) - 63
-78
Evaluate (7 - 1) + 16 + (-18 - (-48 + 26)).
26
Evaluate -14 - (-116 + 159 + (3 - 23)).
-37
What is -285 - -57 - -215 - (-1 + (-2 - -58))?
-68
6 + (0 + -9 - (-34 + (114 - 101)))
18
Calculate (-27 - (-34 - 0)) + -7 + 1.
1
What is the value of 538 + -593 + (7 - -8)?
-40
Evaluate -277 + 366 + -96 + -18.
-25
Evaluate -12 + 75 + 28 + -39 + -6.
46
What is the va